{"id":821,"date":"2015-12-14T21:31:11","date_gmt":"2015-12-14T21:31:11","guid":{"rendered":"http:\/\/www.tus-steinfischbach.de\/?page_id=821"},"modified":"2022-11-02T20:54:34","modified_gmt":"2022-11-02T20:54:34","slug":"kinderturnen","status":"publish","type":"page","link":"https:\/\/tus-steinfischbach.de\/?page_id=821","title":{"rendered":"Kinderturnen"},"content":{"rendered":"<p style=\"text-align: center;\"><img fetchpriority=\"high\" decoding=\"async\" class=\"alignnone size-medium wp-image-1016\" src=\"https:\/\/tus-steinfischbach.de\/wp-content\/uploads\/2012\/11\/20170421_142919-300x169.jpg\" alt=\"20170421_142919\" width=\"300\" height=\"169\" srcset=\"https:\/\/tus-steinfischbach.de\/wp-content\/uploads\/2012\/11\/20170421_142919-300x169.jpg 300w, https:\/\/tus-steinfischbach.de\/wp-content\/uploads\/2012\/11\/20170421_142919-768x432.jpg 768w, https:\/\/tus-steinfischbach.de\/wp-content\/uploads\/2012\/11\/20170421_142919-1024x576.jpg 1024w, https:\/\/tus-steinfischbach.de\/wp-content\/uploads\/2012\/11\/20170421_142919-500x281.jpg 500w\" sizes=\"(max-width: 300px) 100vw, 300px\" \/><\/p>\n<p style=\"text-align: left;\">Derzeit wird das Kinderturnen im TUS Steinfischbach f\u00fcr 3 &#8211; 5 bzw. 5 &#8211; 10- j\u00e4hrige Kinder angeboten.<br \/>\nDabei haben die Kinder die M\u00f6glichkeit, die Turnhalle erstmals ohne Eltern zu erkunden.<br \/>\nBegegnungen mit gro\u00dfen Sportger\u00e4ten, wie dem gro\u00dfen Kasten, dem Barren, der Sprossenwand oder kleinen Materialien, wie B\u00e4llen, Reifen, Rollbrettern oder gar deren Kombination in Bewegungslandschaften lassen immer wieder neue, abwechslungsreiche Bewegungsaufgaben entstehen, welche die Kinder motivieren, ihr Bewegungsrepertoire zu erweitern.<br \/>\nDie Auseinandersetzung mit der \u00dcbungsleiterin sowie den anderen Kindern in Fang-Staffel oder Teamspielen unterst\u00fctzt die Kinder in ihrer sozialen Entwicklung.<\/p>\n<p style=\"text-align: left;\">F\u00fcr 3-5 j\u00e4hrige Turnkinder findet das Turnen montags von 15-16 und 16-17 Uhr statt.<br \/>\nDie Turn-und Tanzm\u00e4dels im Alter von 5 bis 8 Jahren treffen sich freitags<br \/>\nvon 15:30-16:30 Uhr.<br \/>\nDie Turnjungs im Alter von 5 bis ca. 10 Jahren freitags von 16:30-17:30 Uhr.<\/p>\n<p><a href=\"https:\/\/tus-steinfischbach.de\/wp-content\/uploads\/2015\/12\/2015-12-18-15.19.32.jpg\"><img decoding=\"async\" class=\"size-medium wp-image-841 aligncenter\" src=\"https:\/\/tus-steinfischbach.de\/wp-content\/uploads\/2015\/12\/2015-12-18-15.19.32-300x202.jpg\" alt=\"2015-12-18 15.19.32\" width=\"300\" height=\"202\" srcset=\"https:\/\/tus-steinfischbach.de\/wp-content\/uploads\/2015\/12\/2015-12-18-15.19.32-300x202.jpg 300w, https:\/\/tus-steinfischbach.de\/wp-content\/uploads\/2015\/12\/2015-12-18-15.19.32-1024x689.jpg 1024w, https:\/\/tus-steinfischbach.de\/wp-content\/uploads\/2015\/12\/2015-12-18-15.19.32-446x300.jpg 446w\" sizes=\"(max-width: 300px) 100vw, 300px\" \/><\/a><\/p>\n<p>\u00dcbungsleiterinnen:<br \/>\nJulia Schr\u00f6der\u00a0\u00a0\u00a0\u00a0\u00a0\u00a0\u00a0\u00a0\u00a0\u00a0\u00a0\u00a0\u00a0\u00a0\u00a0\u00a0\u00a0\u00a0\u00a0\u00a0\u00a0\u00a0\u00a0\u00a0\u00a0\u00a0\u00a0\u00a0 Jennifer Kogler<br \/>\nTel.: 06087\/7369682\u00a0 \u00a0 \u00a0 \u00a0 \u00a0 \u00a0 \u00a0 \u00a0 \u00a0 Tel.:0151\/59013891<\/p>\n","protected":false},"excerpt":{"rendered":"<p>Derzeit wird das Kinderturnen im TUS Steinfischbach f\u00fcr 3 &#8211; 5 bzw. 5 &#8211; 10- j\u00e4hrige Kinder angeboten. Dabei haben die Kinder die M\u00f6glichkeit, die Turnhalle erstmals ohne Eltern zu erkunden. Begegnungen mit gro\u00dfen Sportger\u00e4ten, wie dem gro\u00dfen Kasten, dem Barren, der Sprossenwand oder kleinen Materialien, wie B\u00e4llen, Reifen, Rollbrettern oder gar deren Kombination in &hellip; <\/p>\n<p class=\"link-more\"><a href=\"https:\/\/tus-steinfischbach.de\/?page_id=821\" class=\"more-link\">Mehr <span class=\"screen-reader-text\">\u00fcber &#8222;Kinderturnen&#8220; <\/span>Lesen<\/a><\/p>\n","protected":false},"author":7,"featured_media":0,"parent":9,"menu_order":0,"comment_status":"closed","ping_status":"closed","template":"sidebar-page.php","meta":{"footnotes":""},"_links":{"self":[{"href":"https:\/\/tus-steinfischbach.de\/index.php?rest_route=\/wp\/v2\/pages\/821"}],"collection":[{"href":"https:\/\/tus-steinfischbach.de\/index.php?rest_route=\/wp\/v2\/pages"}],"about":[{"href":"https:\/\/tus-steinfischbach.de\/index.php?rest_route=\/wp\/v2\/types\/page"}],"author":[{"embeddable":true,"href":"https:\/\/tus-steinfischbach.de\/index.php?rest_route=\/wp\/v2\/users\/7"}],"replies":[{"embeddable":true,"href":"https:\/\/tus-steinfischbach.de\/index.php?rest_route=%2Fwp%2Fv2%2Fcomments&post=821"}],"version-history":[{"count":15,"href":"https:\/\/tus-steinfischbach.de\/index.php?rest_route=\/wp\/v2\/pages\/821\/revisions"}],"predecessor-version":[{"id":1534,"href":"https:\/\/tus-steinfischbach.de\/index.php?rest_route=\/wp\/v2\/pages\/821\/revisions\/1534"}],"up":[{"embeddable":true,"href":"https:\/\/tus-steinfischbach.de\/index.php?rest_route=\/wp\/v2\/pages\/9"}],"wp:attachment":[{"href":"https:\/\/tus-steinfischbach.de\/index.php?rest_route=%2Fwp%2Fv2%2Fmedia&parent=821"}],"curies":[{"name":"wp","href":"https:\/\/api.w.org\/{rel}","templated":true}]}}